igit of l(y)?
1
Suppose 7*z + 93 = 5*b + 3*z, -4*b - 4*z = -60. What is the tens digit of b?
1
Suppose 0 = j, -2*j + 0*j + 3 = c. Suppose -9*w + 282 = -c*w. What is the units digit of w?
7
Let a(u) = -u**2 + 3*u + 1. Let i be a(5). Suppose 19 = 5*o - 4*o. Let g = i + o. What is the tens digit of g?
1
Let k be (2/(-6))/((-1)/(-3)). What is the units digit of (k - -3) + 1 + 51?
4
What is the units digit of (-692)/(-36) - (0 + 4/18)?
9
Let v = 5 + -3. Suppose -8 = -v*f + 10. What is the units digit of f?
9
Let i = -30 - -206. What is the units digit of i?
6
Let n(y) = -y - 2. Let r be n(-5). Let z(p) = 2*p**3 - 2*p**2 - 3*p + 3. What is the units digit of z(r)?
0
Suppose 2*i = 59 - 7. What is the tens digit of i?
2
Let l = -61 - -139. Suppose 0 = -2*j - 3*j. Suppose j = 4*y - l + 14. What is the units digit of y?
6
Let d be 7/2 + (-5)/(-10). Suppose n - 5 = -d*n, -4*u - n = -9. What is the units digit of u?
2
Suppose -71 = -7*h + 6. What is the tens digit of h?
1
Let w(k) = 3*k**3 - k**2 + 2*k. Let i be w(2). Suppose -6*p = -2*p, -3*b + 2*p = -i. What is the units digit of b?
8
Let x = -4 + 6. Suppose -x*a - 8 = 20. What is the units digit of 4/a - 32/(-14)?
2
Suppose -3*s = -6*s, -21 = -l - s. What is the tens digit of l?
2
Suppose -6*j = -2*j - 12. Suppose 0 = -j*o - 0*o. Suppose o*n = n - 6. What is the units digit of n?
6
Let l(x) = -x**3 + x + 15. What is the tens digit of l(0)?
1
Suppose -5*j = -2*u + 60, 2*u - 20 = -2*j + 54. What is the tens digit of u?
3
Suppose 5*p + 119 + 129 = 2*f, -124 = -f - 2*p. What is the units digit of f?
4
Suppose -3*r + 967 - 67 = 0. What is the units digit of r?
0
Suppose -33 = -2*c + 15. What is the units digit of c?
4
Let i = 2 + 16. What is the units digit of 12/(-54) + 22/i?
1
Let a = 56 - 17. Let z = a + -25. What is the units digit of z?
4
What is the hundreds digit of -3 + 173 + 3/(-1)?
1
Suppose 3*q - 3 = -6, 3*y + 2*q = -41. Let j = -1 - y. What is the units digit of j?
2
Let c be 4*1*(-1)/2. What is the units digit of (35 - -1) + 8/c?
2
Let q be 0 + 1 - (2 + -2). Let f be 9/(-6)*(-8)/(-6). What is the units digit of 2 + (-2)/(f*q)?
3
Suppose 0*m + 56 = 2*b + m, b + 4*m - 28 = 0. What is the tens digit of b?
2
Suppose -4*q - 8 = -2*c + 5*c, c = 3*q + 6. Let a be (6/q)/3*-15. Let p = a - 9. What is the units digit of p?
6
Let y(m) = -m**2 + 4*m + 3. Let o be (-6)/((45/6)/(-5)). Let s be y(o). What is the units digit of 11/s - (-1)/3?
4
Let o(f) = -14*f - 54. What is the units digit of o(-16)?
0
What is the tens digit of (-12)/14 + 4268/14?
0
Let k be 8/(2*1/(-2)). Let l = k + 13. Let h = -4 + l. What is the units digit of h?
1
Suppose -g + 4 + 4 = 0. Suppose 2*c + 2*c - g = 0. What is the units digit of c?
2
Suppose 0 = -2*u + 1 + 13. Suppose 4*n = 5*t + 31, -2*n + u*n = 5*t + 35. What is the units digit of n - (-1 - 3/(-1))?
2
What is the units digit of 2 + 0 + (43 - 0)?
5
What is the units digit of (-412)/(-9) + (-16)/(-72)?
6
Suppose 6 = q - 1. Suppose -9 - q = -2*z. What is the units digit of z?
8
Let d(h) = 5*h**2 + 6*h + 27. What is the units digit of d(-5)?
2
Let v = 37 - 11. What is the units digit of v?
6
Suppose 0 = 5*j - 95 - 15. Let m = j + -1. What is the units digit of m?
1
Suppose -d + 2 = -1. Suppose m - 5*m + d*f = -61, 0 = 3*f + 9. What is the units digit of m?
3
Let j = -15 + 17. Suppose 0*z + z - 55 = -3*y, 0 = 3*y + j*z - 50. What is the units digit of y?
0
What is the units digit of 2/(-8) + 183/12 - 3?
2
Suppose -80 = -4*t - 0*t. What is the units digit of 210/t - 1/2?
0
Suppose k - 6 = -2*k. Suppose 2*o - k*t - 9 = -t, 5*o + 15 = -5*t. Suppose -4*p + 12 = -o*p. What is the units digit of p?
6
Suppose -2*k + 50 = -0*k. Let c = -11 + k. What is the tens digit of c?
1
Let v(z) = z**2 - 4. What is the units digit of v(4)?
2
Let s(l) = 2*l**3 - 3*l**2 + 2*l + 2. Let m(f) = -f**2 - 2*f - 2. Let p be m(-2). Let k be ((-1)/p)/((-4)/(-16)). What is the units digit of s(k)?
0
Suppose 291 = 2*k - 5*r, 5*k = 3*k + r + 271. What is the tens digit of k?
3
What is the units digit of (11 - 0/3) + -4?
7
Let h = 18 - 5. Let i = 41 - h. What is the tens digit of i?
2
Let c(w) = 8 + 5 - 7*w + 8*w. What is the units digit of c(-10)?
3
Suppose -x - 13 = -3*n, 8 = 4*n - 12. Suppose -3*f - 3 = 0, -x*f + 29 = t + f. Let j = 45 - t. What is the tens digit of j?
1
Let u be ((-8)/(-3))/(1/6). Let m = 12 - 0. Suppose -u = -4*s + m. What is the units digit of s?
7
Let i(o) = -o**3 + 4*o**2 + 6*o - 2. Let m be i(5). Suppose -m*d + 6 + 3 = 0. What is the units digit of d?
3
Let m(u) = -5*u + 6 - 14 - 6. What is the tens digit of m(-9)?
3
Let h = 159 - 95. Suppose l - h = -3*l. What is the units digit of l?
6
What is the units digit of 1*6/3 - -116?
8
Let w be 2/8 - (-23)/4. Suppose -w*v + 4*v + 10 = 0. Suppose v*x = g + 25, -x + 29 = -5*g - 0*g. What is the units digit of x?
4
Suppose -2*r - 3*u = -15 - 13, -3*r = -3*u - 12. Let v = -7 + r. What is the units digit of v?
1
Let r(m) = 16*m + 5. Let t be r(4). Let y be t/21 - (-4)/(-14). What is the units digit of (2 - y)*1*-1?
1
Suppose 264 = 5*v - v. Suppose 0 = -2*l + 4*n + v, -n = -5*l + 4*n + 185. What is the tens digit of l?
4
Let g(d) = 0*d**3 + 3 + d**3 - 7*d**2 + d - 7. What is the units digit of g(7)?
3
Suppose 0*v - 2*v = 0. Let f(s) = -4 - 2 + v - 2*s. What is the units digit of f(-7)?
8
Suppose -5 + 0 = n. Let w(h) = -4 - 5*h**2 - h**2 - 2*h**3 + 3*h**2 + 6*h + h**3. What is the units digit of w(n)?
6
Let r(h) = -h**2 - 6*h - 5. Suppose -y - o - 6 = 0, -3*o = -y - 2*y - 6. Let v be r(y). What is the units digit of (-1)/v - 38/(-6)?
6
Let k be 12/(-10)*(7 + -2). Let m = k + 10. Suppose 0 = -m*y + 5 + 19. What is the units digit of y?
6
Suppose 3*l - 81 = 5*x, 4*l - 57 = -2*x + 51. Let t = -18 + l. What is the units digit of t?
9
Let r(s) be the first derivative of s**2 + 4*s + 3. What is the tens digit of r(5)?
1
Suppose 16 = c + 1. Suppose 0 = 3*u - 5*u - 3*x - 27, x - c = 2*u. Let g = u + 17. What is the units digit of g?
8
Let b(h) = -5*h**3 - h**2 - 2*h - 1. Let p be b(-1). Suppose p*n - 2 = -s, 5*n + 4 = 2*s - 0*n. Suppose -2*k = -k - s. What is the units digit of k?
2
Let m(p) be the third derivative of -p**5/60 - p**4/8 - p**3/6 + 3*p**2. Let y be m(-2). What is the units digit of y*(-2)/(-3)*6?
4
Let k be 3/((-9)/12) + 0. What is the tens digit of (-155)/(-15) + k/(-6)?
1
Suppose -4*n - 2*x + 1442 - 186 = 0, -3*n = -x - 942. What is the units digit of n?
4
Let m(a) = -6 + 3 + 1 + 2*a. What is the units digit of m(4)?
6
Let d(b) = -b - 2. Let w be d(-6). Suppose -w*j + 5*j - 17 = 0. What is the tens digit of j?
1
Suppose -a = -1, -4*a + 2 = y - 1. Let z(u) = -u**2 - 2*u + 8. Let l be z(-4). What is the units digit of (l + -2)/(y + 0)?
2
Suppose -5 = 5*i, b = 2*i - 6*i + 54. Let h = b + -41. What is the tens digit of h?
1
Let o(m) = -3*m**3 + m**2. Let v be o(-1). Let q = 0 + v. Suppose 0 = q*s + 20, 40 = 6*x - x + 2*s. What is the units digit of x?
0
Let j = -7 + 9. Suppose -j*w + w = -4*m + 4, 3*m = w + 2. What is the units digit of w?
4
Let d be (-94)/6 - 6/(-9). Let r be d/4*24/(-3). What is the units digit of (-2)/10 - (-216)/r?
7
Let c(g) = 4*g**2 + 4*g + 2. What is the units digit of c(-3)?
6
Suppose 2*q + 2*q - 112 = 0. What is the tens digit of q?
2
Suppose q - 5 = 13. What is the tens digit of q?
1
Let s(k) = -3*k - 1. Suppose -3*w = 4 - 1. Let c be s(w). Suppose -5*l = -3 - c. What is the units digit of l?
1
Let y(c) = -2*c**3 - 2*c**2 + 2*c + 3. Let x(r) = r**3 - 6*r**2 - 6*r - 10. Let s be x(7). What is the units digit of y(s)?
3
Let t be 300/(-8)*6/9. Let f = t - -37. What is the units digit of f?
2
What is the units digit of 116/(-8)*(-2 - 0)?
9
Let b be 4 + -3 + 2 + 2. Let w = -20 + 29. Suppose 54 - w = b*u. What is the units digit of u?
9
Suppose 0 = 2*b - 6*b. Let c = b - -8. Suppose 8 = -p + 4*h, 5*h + c = 3*p + h. What is the units digit of p?
8
Suppose -4*g = -0 - 4, 96 = -4*o - 4*g. Let l = o - -40. What is the tens digit of l?
1
What is the units digit of (297/(-44))/(1/(-12))?
1
Suppose 5*u - 153 = 4*p, -p = -3*u + 143 - 47. What is the units digit of u?
3
Let l(b) = b**3 + 3*b**2 - 2*b - 5. Let i be l(-4). Let f = i + 19. What is the units digit of f?
6
What is the tens digit of (-59 + 55)*218/(-16)*2?
0
Suppose -2